{"id":2685,"date":"2025-07-16T12:23:21","date_gmt":"2025-07-16T10:23:21","guid":{"rendered":"https:\/\/gruene-nks.de\/?page_id=2685"},"modified":"2025-07-23T00:47:03","modified_gmt":"2025-07-22T22:47:03","slug":"winfried-koelker","status":"publish","type":"page","link":"https:\/\/gruene-nks.de\/index.php\/winfried-koelker\/","title":{"rendered":"Winfried K\u00f6lker"},"content":{"rendered":"<p>Hallo und auf ein Wiedersehen in der 2. Wahlperiode im Wahlbezirk Neunkirchen II.<\/p>\n<p>Ich wurde 1958 in Krefeld geboren und absolvierte dort mehrere handwerkliche Ausbildungen. Danach ging es f\u00fcr mich nach Aachen zum Studium des Bauingenieurwesens. Neben Anstellungen im Hoch und Tiefbau f\u00fchrte ich auch ein eigenes Ingenieurb\u00fcro mit besonderem Schwerpunkt auf Baubiologie und \u00d6kologie. Vor 30 Jahren dann der Umzug mit der Familie ins eigene Bio-Holzfachwerkhaus nach Neunkirchen-Seelscheid.<\/p>\n<p>Gesellschaftliche Verpflichtung sehe ich im Klima und Umweltschutz, den wir auch konkret mit unserem Radwegekonzept st\u00e4rken konnten. Es ist an der Zeit ein Wohnumfeld zu gestalten, dass es einer nachfolgenden und bunten Generationen erlaubt, Lebensfreude an der Gemeinde zu entdecken und zu gestalten.<\/p>\n<p>Gemeinsam packen wir das \u2013 f\u00fcr heute und morgen.<\/p>\n<p><a href=\"https:\/\/gruene-nks.de\/wp-content\/uploads\/2025\/07\/HP_Winni_ohne_Claim.jpg\"><img loading=\"lazy\" decoding=\"async\" class=\"size-medium wp-image-2670 aligncenter\" src=\"https:\/\/gruene-nks.de\/wp-content\/uploads\/2025\/07\/HP_Winni_ohne_Claim-400x502.jpg\" alt=\"Winfried K\u00f6lker f\u00fcr Wahlbezirk 100 Neunkirchen II\" width=\"400\" height=\"502\" srcset=\"https:\/\/gruene-nks.de\/wp-content\/uploads\/2025\/07\/HP_Winni_ohne_Claim-400x502.jpg 400w, https:\/\/gruene-nks.de\/wp-content\/uploads\/2025\/07\/HP_Winni_ohne_Claim-800x1003.jpg 800w, https:\/\/gruene-nks.de\/wp-content\/uploads\/2025\/07\/HP_Winni_ohne_Claim-768x963.jpg 768w, https:\/\/gruene-nks.de\/wp-content\/uploads\/2025\/07\/HP_Winni_ohne_Claim.jpg 957w\" sizes=\"auto, (max-width: 400px) 100vw, 400px\" \/><\/a><\/p>\n","protected":false},"excerpt":{"rendered":"<p>Hallo und auf ein Wiedersehen in der 2. Wahlperiode im Wahlbezirk Neunkirchen II. Ich wurde 1958 in Krefeld geboren und absolvierte dort mehrere handwerkliche Ausbildungen. Danach ging es f\u00fcr mich [&hellip;]<\/p>\n","protected":false},"author":3,"featured_media":0,"parent":0,"menu_order":0,"comment_status":"closed","ping_status":"closed","template":"","meta":{"footnotes":""},"class_list":["post-2685","page","type-page","status-publish","hentry"],"_links":{"self":[{"href":"https:\/\/gruene-nks.de\/index.php\/wp-json\/wp\/v2\/pages\/2685","targetHints":{"allow":["GET"]}}],"collection":[{"href":"https:\/\/gruene-nks.de\/index.php\/wp-json\/wp\/v2\/pages"}],"about":[{"href":"https:\/\/gruene-nks.de\/index.php\/wp-json\/wp\/v2\/types\/page"}],"author":[{"embeddable":true,"href":"https:\/\/gruene-nks.de\/index.php\/wp-json\/wp\/v2\/users\/3"}],"replies":[{"embeddable":true,"href":"https:\/\/gruene-nks.de\/index.php\/wp-json\/wp\/v2\/comments?post=2685"}],"version-history":[{"count":3,"href":"https:\/\/gruene-nks.de\/index.php\/wp-json\/wp\/v2\/pages\/2685\/revisions"}],"predecessor-version":[{"id":2730,"href":"https:\/\/gruene-nks.de\/index.php\/wp-json\/wp\/v2\/pages\/2685\/revisions\/2730"}],"wp:attachment":[{"href":"https:\/\/gruene-nks.de\/index.php\/wp-json\/wp\/v2\/media?parent=2685"}],"curies":[{"name":"wp","href":"https:\/\/api.w.org\/{rel}","templated":true}]}}

Winfried Kölker

<p>Hallo und auf ein Wiedersehen in der 2. Wahlperiode im Wahlbezirk Neunkirchen II.</p>
<p>Ich wurde 1958 in Krefeld geboren und absolvierte dort mehrere handwerkliche Ausbildungen. Danach ging es für mich nach Aachen zum Studium des Bauingenieurwesens. Neben Anstellungen im Hoch und Tiefbau führte ich auch ein eigenes Ingenieurbüro mit besonderem Schwerpunkt auf Baubiologie und Ökologie. Vor 30 Jahren dann der Umzug mit der Familie ins eigene Bio-Holzfachwerkhaus nach Neunkirchen-Seelscheid.</p>
<p>Gesellschaftliche Verpflichtung sehe ich im Klima und Umweltschutz, den wir auch konkret mit unserem Radwegekonzept stärken konnten. Es ist an der Zeit ein Wohnumfeld zu gestalten, dass es einer nachfolgenden und bunten Generationen erlaubt, Lebensfreude an der Gemeinde zu entdecken und zu gestalten.</p>
<p>Gemeinsam packen wir das – für heute und morgen.</p>
<p><a href="https://gruene-nks.de/wp-content/uploads/2025/07/HP_Winni_ohne_Claim.jpg"><img loading="lazy" decoding="async" class="size-medium wp-image-2670 aligncenter" src="https://gruene-nks.de/wp-content/uploads/2025/07/HP_Winni_ohne_Claim-400x502.jpg" alt="Winfried Kölker für Wahlbezirk 100 Neunkirchen II" width="400" height="502" srcset="https://gruene-nks.de/wp-content/uploads/2025/07/HP_Winni_ohne_Claim-400x502.jpg 400w, https://gruene-nks.de/wp-content/uploads/2025/07/HP_Winni_ohne_Claim-800x1003.jpg 800w, https://gruene-nks.de/wp-content/uploads/2025/07/HP_Winni_ohne_Claim-768x963.jpg 768w, https://gruene-nks.de/wp-content/uploads/2025/07/HP_Winni_ohne_Claim.jpg 957w" sizes="auto, (max-width: 400px) 100vw, 400px" /></a></p>

<p>Hallo und auf ein Wiedersehen in der 2. Wahlperiode im Wahlbezirk Neunkirchen II. Ich wurde 1958 in Krefeld geboren und absolvierte dort mehrere handwerkliche Ausbildungen. Danach ging es für mich [&hellip;]</p>
