{"id":2687,"date":"2025-07-16T12:27:50","date_gmt":"2025-07-16T10:27:50","guid":{"rendered":"https:\/\/gruene-nks.de\/?page_id=2687"},"modified":"2025-07-23T00:46:31","modified_gmt":"2025-07-22T22:46:31","slug":"thomas-cremer","status":"publish","type":"page","link":"https:\/\/gruene-nks.de\/index.php\/thomas-cremer\/","title":{"rendered":"Thomas Cremer &#8211; Wahlbezirk 010 Seelscheid I"},"content":{"rendered":"<p>Macht Leben ganzheitlich<\/p>\n<p>Privat und beruflich versuche ich das Leben ganzheitlich zu betrachten und nachhaltig f\u00fcr die jetzige sowie kommende Generationen zu gestalten. Dabei steht die Verbindung zu Mensch und Sch\u00f6pfung im Mittelpunkt. F\u00fcr meine, Deine, UNSERE Heimat<\/p>\n<p><a href=\"https:\/\/gruene-nks.de\/wp-content\/uploads\/2025\/07\/HP_Thomas_ohne_Claim.jpg\"><img loading=\"lazy\" decoding=\"async\" class=\"size-medium wp-image-2669 aligncenter\" src=\"https:\/\/gruene-nks.de\/wp-content\/uploads\/2025\/07\/HP_Thomas_ohne_Claim-400x502.jpg\" alt=\"Thomas Cremer f\u00fcr Wahlbezirk 010 Seelscheid I\" width=\"400\" height=\"502\" srcset=\"https:\/\/gruene-nks.de\/wp-content\/uploads\/2025\/07\/HP_Thomas_ohne_Claim-400x502.jpg 400w, https:\/\/gruene-nks.de\/wp-content\/uploads\/2025\/07\/HP_Thomas_ohne_Claim-800x1003.jpg 800w, https:\/\/gruene-nks.de\/wp-content\/uploads\/2025\/07\/HP_Thomas_ohne_Claim-768x963.jpg 768w, https:\/\/gruene-nks.de\/wp-content\/uploads\/2025\/07\/HP_Thomas_ohne_Claim.jpg 957w\" sizes=\"auto, (max-width: 400px) 100vw, 400px\" \/><\/a><\/p>\n","protected":false},"excerpt":{"rendered":"<p>Macht Leben ganzheitlich Privat und beruflich versuche ich das Leben ganzheitlich zu betrachten und nachhaltig f\u00fcr die jetzige sowie kommende Generationen zu gestalten. Dabei steht die Verbindung zu Mensch und [&hellip;]<\/p>\n","protected":false},"author":3,"featured_media":0,"parent":0,"menu_order":0,"comment_status":"closed","ping_status":"closed","template":"","meta":{"footnotes":""},"class_list":["post-2687","page","type-page","status-publish","hentry"],"_links":{"self":[{"href":"https:\/\/gruene-nks.de\/index.php\/wp-json\/wp\/v2\/pages\/2687","targetHints":{"allow":["GET"]}}],"collection":[{"href":"https:\/\/gruene-nks.de\/index.php\/wp-json\/wp\/v2\/pages"}],"about":[{"href":"https:\/\/gruene-nks.de\/index.php\/wp-json\/wp\/v2\/types\/page"}],"author":[{"embeddable":true,"href":"https:\/\/gruene-nks.de\/index.php\/wp-json\/wp\/v2\/users\/3"}],"replies":[{"embeddable":true,"href":"https:\/\/gruene-nks.de\/index.php\/wp-json\/wp\/v2\/comments?post=2687"}],"version-history":[{"count":3,"href":"https:\/\/gruene-nks.de\/index.php\/wp-json\/wp\/v2\/pages\/2687\/revisions"}],"predecessor-version":[{"id":2728,"href":"https:\/\/gruene-nks.de\/index.php\/wp-json\/wp\/v2\/pages\/2687\/revisions\/2728"}],"wp:attachment":[{"href":"https:\/\/gruene-nks.de\/index.php\/wp-json\/wp\/v2\/media?parent=2687"}],"curies":[{"name":"wp","href":"https:\/\/api.w.org\/{rel}","templated":true}]}}

<p>Macht Leben ganzheitlich</p>
<p>Privat und beruflich versuche ich das Leben ganzheitlich zu betrachten und nachhaltig für die jetzige sowie kommende Generationen zu gestalten. Dabei steht die Verbindung zu Mensch und Schöpfung im Mittelpunkt. Für meine, Deine, UNSERE Heimat</p>
<p><a href="https://gruene-nks.de/wp-content/uploads/2025/07/HP_Thomas_ohne_Claim.jpg"><img loading="lazy" decoding="async" class="size-medium wp-image-2669 aligncenter" src="https://gruene-nks.de/wp-content/uploads/2025/07/HP_Thomas_ohne_Claim-400x502.jpg" alt="Thomas Cremer für Wahlbezirk 010 Seelscheid I" width="400" height="502" srcset="https://gruene-nks.de/wp-content/uploads/2025/07/HP_Thomas_ohne_Claim-400x502.jpg 400w, https://gruene-nks.de/wp-content/uploads/2025/07/HP_Thomas_ohne_Claim-800x1003.jpg 800w, https://gruene-nks.de/wp-content/uploads/2025/07/HP_Thomas_ohne_Claim-768x963.jpg 768w, https://gruene-nks.de/wp-content/uploads/2025/07/HP_Thomas_ohne_Claim.jpg 957w" sizes="auto, (max-width: 400px) 100vw, 400px" /></a></p>

<p>Macht Leben ganzheitlich Privat und beruflich versuche ich das Leben ganzheitlich zu betrachten und nachhaltig für die jetzige sowie kommende Generationen zu gestalten. Dabei steht die Verbindung zu Mensch und [&hellip;]</p>
