{"id":2689,"date":"2025-07-16T12:41:11","date_gmt":"2025-07-16T10:41:11","guid":{"rendered":"https:\/\/gruene-nks.de\/?page_id=2689"},"modified":"2025-07-16T12:42:43","modified_gmt":"2025-07-16T10:42:43","slug":"ariane-schepers","status":"publish","type":"page","link":"https:\/\/gruene-nks.de\/index.php\/ariane-schepers\/","title":{"rendered":"Ariane Schepers &#8211; Wahlbezirk 040 Seelscheid IV"},"content":{"rendered":"<p>Ich bin in der Gemeinde verwurzelt, in Seelscheid aufgewachsen, in Neunkirchen zur Schule gegangen und nach der kaufm\u00e4nnischen Ausbildung zum Studium im In- und Ausland unterwegs gewesen, um festzustellen, wie sch\u00f6n es in der Gemeinde ist. Daher bin ich seit 2003 wieder in Neunkirchen-Seelscheid beheimatet. Das Engagement f\u00fcr die Gemeinschaft und die Umwelt liegt mir seit der Jugend am Herzen, \u00fcber eine B\u00fcrgerinitiative bin ich seit 2015 auch politisch interessiert und setzt mich seit 5 Jahren f\u00fcr die GR\u00dcNEN im Gemeinderat ein.<\/p>\n<p>Gepr\u00e4gt durch mein Betriebswirtschaftsstudium und T\u00e4tigkeiten im Bereich Finanzen und Gesch\u00e4ftsentwicklung vertrete ich derzeit die GR\u00dcNE Fraktion neben dem Rat u.a. auch im Haupt- und Finanzausschuss, dem Abgaben- und Geb\u00fchrenausschuss, dem Projekt Breitbandausbau und vielen Themen rund um die Gemeindeentwicklung. Ich bin au\u00dferdem Mitglied im Runden Tisch Klima, einer breiten Initiative von B\u00fcrgerinnen und B\u00fcrgern der Gemeinde.<\/p>\n<p>Auch in Zukunft m\u00f6chte ich den Schwerpunkt auf die Themen einer nachhaltigen Gemeindeentwicklung legen und werbe f\u00fcr einen verantwortungsvollen Umgang mit Ressourcen und Steuern. Vereine und Initiativen mit ihrem hohen Ma\u00df an ehrenamtlichen Engagement sollen als wertvolle Partner betrachtet werden, die wir GR\u00dcNEN unterst\u00fctzen. Wir m\u00f6chten den d\u00f6rflichen Charakter erhalten und das soziale Miteinander st\u00e4rken. Beispiele sind der Erhalt und die Entwicklung des Bicester Parks im Ortsteil Seelscheid als \u00f6ffentlicher Treffpunkt, der B\u00fcrgerpark in Neunkirchen und die Gestaltung des Jugendzentrums. Die Umsetzung des von den GR\u00dcNEN bereits 2021 angesto\u00dfenen Radwegekonzeptes wird ein weiterer Fokus der Arbeit, um mit sichereren Radwegen im Zentrum von Seelscheid und Neunkirchen zur Mobilit\u00e4tswende beizutragen.<\/p>\n<p><a href=\"https:\/\/gruene-nks.de\/wp-content\/uploads\/2025\/07\/HP_Ari_ohne_Claim.jpg\"><img loading=\"lazy\" decoding=\"async\" class=\"size-medium wp-image-2663 aligncenter\" src=\"https:\/\/gruene-nks.de\/wp-content\/uploads\/2025\/07\/HP_Ari_ohne_Claim-400x502.jpg\" alt=\"Ariane Schepers f\u00fcr Wahlbezirk 040 Seelscheid IV\" width=\"400\" height=\"502\" srcset=\"https:\/\/gruene-nks.de\/wp-content\/uploads\/2025\/07\/HP_Ari_ohne_Claim-400x502.jpg 400w, https:\/\/gruene-nks.de\/wp-content\/uploads\/2025\/07\/HP_Ari_ohne_Claim-800x1003.jpg 800w, https:\/\/gruene-nks.de\/wp-content\/uploads\/2025\/07\/HP_Ari_ohne_Claim-768x963.jpg 768w, https:\/\/gruene-nks.de\/wp-content\/uploads\/2025\/07\/HP_Ari_ohne_Claim.jpg 957w\" sizes=\"auto, (max-width: 400px) 100vw, 400px\" \/><\/a><\/p>\n","protected":false},"excerpt":{"rendered":"<p>Ich bin in der Gemeinde verwurzelt, in Seelscheid aufgewachsen, in Neunkirchen zur Schule gegangen und nach der kaufm\u00e4nnischen Ausbildung zum Studium im In- und Ausland unterwegs gewesen, um festzustellen, wie [&hellip;]<\/p>\n","protected":false},"author":3,"featured_media":0,"parent":0,"menu_order":0,"comment_status":"closed","ping_status":"closed","template":"","meta":{"footnotes":""},"class_list":["post-2689","page","type-page","status-publish","hentry"],"_links":{"self":[{"href":"https:\/\/gruene-nks.de\/index.php\/wp-json\/wp\/v2\/pages\/2689","targetHints":{"allow":["GET"]}}],"collection":[{"href":"https:\/\/gruene-nks.de\/index.php\/wp-json\/wp\/v2\/pages"}],"about":[{"href":"https:\/\/gruene-nks.de\/index.php\/wp-json\/wp\/v2\/types\/page"}],"author":[{"embeddable":true,"href":"https:\/\/gruene-nks.de\/index.php\/wp-json\/wp\/v2\/users\/3"}],"replies":[{"embeddable":true,"href":"https:\/\/gruene-nks.de\/index.php\/wp-json\/wp\/v2\/comments?post=2689"}],"version-history":[{"count":3,"href":"https:\/\/gruene-nks.de\/index.php\/wp-json\/wp\/v2\/pages\/2689\/revisions"}],"predecessor-version":[{"id":2692,"href":"https:\/\/gruene-nks.de\/index.php\/wp-json\/wp\/v2\/pages\/2689\/revisions\/2692"}],"wp:attachment":[{"href":"https:\/\/gruene-nks.de\/index.php\/wp-json\/wp\/v2\/media?parent=2689"}],"curies":[{"name":"wp","href":"https:\/\/api.w.org\/{rel}","templated":true}]}}

<p>Ich bin in der Gemeinde verwurzelt, in Seelscheid aufgewachsen, in Neunkirchen zur Schule gegangen und nach der kaufmännischen Ausbildung zum Studium im In- und Ausland unterwegs gewesen, um festzustellen, wie schön es in der Gemeinde ist. Daher bin ich seit 2003 wieder in Neunkirchen-Seelscheid beheimatet. Das Engagement für die Gemeinschaft und die Umwelt liegt mir seit der Jugend am Herzen, über eine Bürgerinitiative bin ich seit 2015 auch politisch interessiert und setzt mich seit 5 Jahren für die GRÜNEN im Gemeinderat ein.</p>
<p>Geprägt durch mein Betriebswirtschaftsstudium und Tätigkeiten im Bereich Finanzen und Geschäftsentwicklung vertrete ich derzeit die GRÜNE Fraktion neben dem Rat u.a. auch im Haupt- und Finanzausschuss, dem Abgaben- und Gebührenausschuss, dem Projekt Breitbandausbau und vielen Themen rund um die Gemeindeentwicklung. Ich bin außerdem Mitglied im Runden Tisch Klima, einer breiten Initiative von Bürgerinnen und Bürgern der Gemeinde.</p>
<p>Auch in Zukunft möchte ich den Schwerpunkt auf die Themen einer nachhaltigen Gemeindeentwicklung legen und werbe für einen verantwortungsvollen Umgang mit Ressourcen und Steuern. Vereine und Initiativen mit ihrem hohen Maß an ehrenamtlichen Engagement sollen als wertvolle Partner betrachtet werden, die wir GRÜNEN unterstützen. Wir möchten den dörflichen Charakter erhalten und das soziale Miteinander stärken. Beispiele sind der Erhalt und die Entwicklung des Bicester Parks im Ortsteil Seelscheid als öffentlicher Treffpunkt, der Bürgerpark in Neunkirchen und die Gestaltung des Jugendzentrums. Die Umsetzung des von den GRÜNEN bereits 2021 angestoßenen Radwegekonzeptes wird ein weiterer Fokus der Arbeit, um mit sichereren Radwegen im Zentrum von Seelscheid und Neunkirchen zur Mobilitätswende beizutragen.</p>
<p><a href="https://gruene-nks.de/wp-content/uploads/2025/07/HP_Ari_ohne_Claim.jpg"><img loading="lazy" decoding="async" class="size-medium wp-image-2663 aligncenter" src="https://gruene-nks.de/wp-content/uploads/2025/07/HP_Ari_ohne_Claim-400x502.jpg" alt="Ariane Schepers für Wahlbezirk 040 Seelscheid IV" width="400" height="502" srcset="https://gruene-nks.de/wp-content/uploads/2025/07/HP_Ari_ohne_Claim-400x502.jpg 400w, https://gruene-nks.de/wp-content/uploads/2025/07/HP_Ari_ohne_Claim-800x1003.jpg 800w, https://gruene-nks.de/wp-content/uploads/2025/07/HP_Ari_ohne_Claim-768x963.jpg 768w, https://gruene-nks.de/wp-content/uploads/2025/07/HP_Ari_ohne_Claim.jpg 957w" sizes="auto, (max-width: 400px) 100vw, 400px" /></a></p>

<p>Ich bin in der Gemeinde verwurzelt, in Seelscheid aufgewachsen, in Neunkirchen zur Schule gegangen und nach der kaufmännischen Ausbildung zum Studium im In- und Ausland unterwegs gewesen, um festzustellen, wie [&hellip;]</p>
