{"id":2694,"date":"2025-07-16T12:44:38","date_gmt":"2025-07-16T10:44:38","guid":{"rendered":"https:\/\/gruene-nks.de\/?page_id=2694"},"modified":"2025-08-23T14:23:54","modified_gmt":"2025-08-23T12:23:54","slug":"tarja-palonen-heisse-wahlbezirk-070-wahnbach-und-kreistag","status":"publish","type":"page","link":"https:\/\/gruene-nks.de\/index.php\/tarja-palonen-heisse-wahlbezirk-070-wahnbach-und-kreistag\/","title":{"rendered":"Tarja Palonen-Hei\u00dfe &#8211; Wahlbezirk 070 Wahnbach und Kreistag"},"content":{"rendered":"<p>B\u00dcNDNIS 90\/DIE GR\u00dcNEN Neunkirchen-Seelscheid haben mich als Kandidatin f\u00fcr den Gemeinderat im Wahlbezirk 70 Wahnbach sowie f\u00fcr den Kreistag im Wahlbezirk 19 Neunkirchen-Seelscheid nominiert.<\/p>\n<p>Als geb\u00fcrtige Finnin mit 40-j\u00e4hriger Verbundenheit zum Bergischen Rheinland, bringe ich umfassende Expertise als Wirtschaftsinformatikerin und Unternehmerin in die Kommunalpolitik ein. Seit 2014 engagiere ich mich im Gemeinderat Neunkirchen-Seelscheid und habe eine f\u00fcnfj\u00e4hrige Erfahrung im Kreistag.<\/p>\n<p>Die Verbindung von wirtschaftlicher Innovation mit \u00f6kologischer Verantwortung ist der Schl\u00fcssel f\u00fcr eine zukunftsf\u00e4hige Kommunalpolitik. In den kommenden f\u00fcnf Jahren m\u00f6chte ich weiterhin Entscheidungen mittragen, die wirtschaftlich nachhaltig, klimavertr\u00e4glich und sozial gerecht sind.<\/p>\n<p>&nbsp;<\/p>\n<p><a href=\"https:\/\/gruene-nks.de\/wp-content\/uploads\/2025\/07\/HP_Tarja_ohne_Claim.jpg\"><img loading=\"lazy\" decoding=\"async\" class=\"size-medium wp-image-2668 aligncenter\" src=\"https:\/\/gruene-nks.de\/wp-content\/uploads\/2025\/07\/HP_Tarja_ohne_Claim-400x502.jpg\" alt=\"Tarja Palonen-Hei\u00dfe f\u00fcr Wahlbezirk 070 Wahnbach und f\u00fcr den Kreistag\" width=\"400\" height=\"502\" srcset=\"https:\/\/gruene-nks.de\/wp-content\/uploads\/2025\/07\/HP_Tarja_ohne_Claim-400x502.jpg 400w, https:\/\/gruene-nks.de\/wp-content\/uploads\/2025\/07\/HP_Tarja_ohne_Claim-800x1003.jpg 800w, https:\/\/gruene-nks.de\/wp-content\/uploads\/2025\/07\/HP_Tarja_ohne_Claim-768x963.jpg 768w, https:\/\/gruene-nks.de\/wp-content\/uploads\/2025\/07\/HP_Tarja_ohne_Claim.jpg 957w\" sizes=\"auto, (max-width: 400px) 100vw, 400px\" \/><\/a><\/p>\n","protected":false},"excerpt":{"rendered":"<p>B\u00dcNDNIS 90\/DIE GR\u00dcNEN Neunkirchen-Seelscheid haben mich als Kandidatin f\u00fcr den Gemeinderat im Wahlbezirk 70 Wahnbach sowie f\u00fcr den Kreistag im Wahlbezirk 19 Neunkirchen-Seelscheid nominiert. Als geb\u00fcrtige Finnin mit 40-j\u00e4hriger Verbundenheit [&hellip;]<\/p>\n","protected":false},"author":3,"featured_media":0,"parent":0,"menu_order":0,"comment_status":"closed","ping_status":"closed","template":"","meta":{"footnotes":""},"class_list":["post-2694","page","type-page","status-publish","hentry"],"_links":{"self":[{"href":"https:\/\/gruene-nks.de\/index.php\/wp-json\/wp\/v2\/pages\/2694","targetHints":{"allow":["GET"]}}],"collection":[{"href":"https:\/\/gruene-nks.de\/index.php\/wp-json\/wp\/v2\/pages"}],"about":[{"href":"https:\/\/gruene-nks.de\/index.php\/wp-json\/wp\/v2\/types\/page"}],"author":[{"embeddable":true,"href":"https:\/\/gruene-nks.de\/index.php\/wp-json\/wp\/v2\/users\/3"}],"replies":[{"embeddable":true,"href":"https:\/\/gruene-nks.de\/index.php\/wp-json\/wp\/v2\/comments?post=2694"}],"version-history":[{"count":3,"href":"https:\/\/gruene-nks.de\/index.php\/wp-json\/wp\/v2\/pages\/2694\/revisions"}],"predecessor-version":[{"id":2733,"href":"https:\/\/gruene-nks.de\/index.php\/wp-json\/wp\/v2\/pages\/2694\/revisions\/2733"}],"wp:attachment":[{"href":"https:\/\/gruene-nks.de\/index.php\/wp-json\/wp\/v2\/media?parent=2694"}],"curies":[{"name":"wp","href":"https:\/\/api.w.org\/{rel}","templated":true}]}}

Tarja Palonen-Heiße &#8211; Wahlbezirk 070 Wahnbach und Kreistag

<p>BÜNDNIS 90/DIE GRÜNEN Neunkirchen-Seelscheid haben mich als Kandidatin für den Gemeinderat im Wahlbezirk 70 Wahnbach sowie für den Kreistag im Wahlbezirk 19 Neunkirchen-Seelscheid nominiert.</p>
<p>Als gebürtige Finnin mit 40-jähriger Verbundenheit zum Bergischen Rheinland, bringe ich umfassende Expertise als Wirtschaftsinformatikerin und Unternehmerin in die Kommunalpolitik ein. Seit 2014 engagiere ich mich im Gemeinderat Neunkirchen-Seelscheid und habe eine fünfjährige Erfahrung im Kreistag.</p>
<p>Die Verbindung von wirtschaftlicher Innovation mit ökologischer Verantwortung ist der Schlüssel für eine zukunftsfähige Kommunalpolitik. In den kommenden fünf Jahren möchte ich weiterhin Entscheidungen mittragen, die wirtschaftlich nachhaltig, klimaverträglich und sozial gerecht sind.</p>
<p>&nbsp;</p>
<p><a href="https://gruene-nks.de/wp-content/uploads/2025/07/HP_Tarja_ohne_Claim.jpg"><img loading="lazy" decoding="async" class="size-medium wp-image-2668 aligncenter" src="https://gruene-nks.de/wp-content/uploads/2025/07/HP_Tarja_ohne_Claim-400x502.jpg" alt="Tarja Palonen-Heiße für Wahlbezirk 070 Wahnbach und für den Kreistag" width="400" height="502" srcset="https://gruene-nks.de/wp-content/uploads/2025/07/HP_Tarja_ohne_Claim-400x502.jpg 400w, https://gruene-nks.de/wp-content/uploads/2025/07/HP_Tarja_ohne_Claim-800x1003.jpg 800w, https://gruene-nks.de/wp-content/uploads/2025/07/HP_Tarja_ohne_Claim-768x963.jpg 768w, https://gruene-nks.de/wp-content/uploads/2025/07/HP_Tarja_ohne_Claim.jpg 957w" sizes="auto, (max-width: 400px) 100vw, 400px" /></a></p>

<p>BÜNDNIS 90/DIE GRÜNEN Neunkirchen-Seelscheid haben mich als Kandidatin für den Gemeinderat im Wahlbezirk 70 Wahnbach sowie für den Kreistag im Wahlbezirk 19 Neunkirchen-Seelscheid nominiert. Als gebürtige Finnin mit 40-jähriger Verbundenheit [&hellip;]</p>
