{"id":2696,"date":"2025-07-16T13:25:35","date_gmt":"2025-07-16T11:25:35","guid":{"rendered":"https:\/\/gruene-nks.de\/?page_id=2696"},"modified":"2025-07-23T00:42:41","modified_gmt":"2025-07-22T22:42:41","slug":"anna-terschluesen-wahlbezirk-080-pohlhausen","status":"publish","type":"page","link":"https:\/\/gruene-nks.de\/index.php\/anna-terschluesen-wahlbezirk-080-pohlhausen\/","title":{"rendered":"Anna Terschl\u00fcsen &#8211; Wahlbezirk 080 Pohlhausen"},"content":{"rendered":"<p>Macht Hier Gef\u00fchl mit WIR Gef\u00fchl<\/p>\n<p>Gemeinsam mit euch m\u00f6chte ich die Zukunft unserer Gemeinde aktiv gestalten.<\/p>\n<p>Seit sieben Jahren lebe ich mit meiner Familie in einem Mehrgenerationenhaus in Wahn. In meiner Arbeit im Gemeinderat als sachkundige B\u00fcrgerin in den Aussch\u00fcssen f\u00fcr Ortsentwicklung und Soziales bringe ich mein Fachwissen als Referentin f\u00fcr Gesunde Ern\u00e4hrung und l\u00e4ndliche Entwicklung in der Bundesanstalt f\u00fcr Landwirtschaft und Ern\u00e4hrung sowie meine praktischen Erfahrungen als Radpendlerin nach Bonn sowie aus Schulen, Kinderg\u00e4rten und Vereinen (u.a. VVP) der Gemeinde ein.<\/p>\n<p>Doch vor allem interessieren mich eure W\u00fcnsche, Anliegen und Ideen! Ich m\u00f6chte eure direkte Ansprechpartnerin vor Ort sein und eure Stimmen in der Gemeinde vertreten.<\/p>\n<p>Meine Kernpunkte f\u00fcr unsere Gemeinde und D\u00f6rfer:<\/p>\n<ul>\n<li>Lebendige, lebenswerte Dorf- und Gemeindestrukturen f\u00f6rdern \u2013 f\u00fcr mehr soziales Miteinander, eine starke Gemeinschaft und Zusammenhalt.<\/li>\n<li>Gr\u00fcnfl\u00e4chen erhalten und Versiegelung vermeiden \u2013 f\u00fcr den Klimaschutz, Artenvielfalt und Naherholung vor Ort.<\/li>\n<li>Nachhaltige Mobilit\u00e4t ausbauen \u2013 damit alle zuverl\u00e4ssig, sicher und umweltbewusst ihr Ziel erreichen.<\/li>\n<li>Vielf\u00e4ltiges Zusammenleben und Integration von Gefl\u00fcchteten \u2013 durch St\u00e4rkung des ehrenamtlichen Engagements und dezentrale Unterbringung in kleinen Wohneinheiten in der ganzen Gemeinde.<\/li>\n<\/ul>\n<p>Lasst uns gemeinsam f\u00fcr eine starke, gr\u00fcne Zukunft eintreten \u2013 f\u00fcr uns, unsere Kinder und kommende Generationen!<\/p>\n<p><a href=\"https:\/\/gruene-nks.de\/wp-content\/uploads\/2025\/07\/HP_Anna_ohne_Claim.jpg\"><img loading=\"lazy\" decoding=\"async\" class=\"size-medium wp-image-2662 aligncenter\" src=\"https:\/\/gruene-nks.de\/wp-content\/uploads\/2025\/07\/HP_Anna_ohne_Claim-400x502.jpg\" alt=\"Anna Terschl\u00fcsen f\u00fcr Wahlbezirk 080 Pohlhausen\" width=\"400\" height=\"502\" srcset=\"https:\/\/gruene-nks.de\/wp-content\/uploads\/2025\/07\/HP_Anna_ohne_Claim-400x502.jpg 400w, https:\/\/gruene-nks.de\/wp-content\/uploads\/2025\/07\/HP_Anna_ohne_Claim-800x1003.jpg 800w, https:\/\/gruene-nks.de\/wp-content\/uploads\/2025\/07\/HP_Anna_ohne_Claim-768x963.jpg 768w, https:\/\/gruene-nks.de\/wp-content\/uploads\/2025\/07\/HP_Anna_ohne_Claim.jpg 957w\" sizes=\"auto, (max-width: 400px) 100vw, 400px\" \/><\/a><\/p>\n","protected":false},"excerpt":{"rendered":"<p>Macht Hier Gef\u00fchl mit WIR Gef\u00fchl Gemeinsam mit euch m\u00f6chte ich die Zukunft unserer Gemeinde aktiv gestalten. Seit sieben Jahren lebe ich mit meiner Familie in einem Mehrgenerationenhaus in Wahn. [&hellip;]<\/p>\n","protected":false},"author":3,"featured_media":0,"parent":0,"menu_order":0,"comment_status":"closed","ping_status":"closed","template":"","meta":{"footnotes":""},"class_list":["post-2696","page","type-page","status-publish","hentry"],"_links":{"self":[{"href":"https:\/\/gruene-nks.de\/index.php\/wp-json\/wp\/v2\/pages\/2696","targetHints":{"allow":["GET"]}}],"collection":[{"href":"https:\/\/gruene-nks.de\/index.php\/wp-json\/wp\/v2\/pages"}],"about":[{"href":"https:\/\/gruene-nks.de\/index.php\/wp-json\/wp\/v2\/types\/page"}],"author":[{"embeddable":true,"href":"https:\/\/gruene-nks.de\/index.php\/wp-json\/wp\/v2\/users\/3"}],"replies":[{"embeddable":true,"href":"https:\/\/gruene-nks.de\/index.php\/wp-json\/wp\/v2\/comments?post=2696"}],"version-history":[{"count":2,"href":"https:\/\/gruene-nks.de\/index.php\/wp-json\/wp\/v2\/pages\/2696\/revisions"}],"predecessor-version":[{"id":2724,"href":"https:\/\/gruene-nks.de\/index.php\/wp-json\/wp\/v2\/pages\/2696\/revisions\/2724"}],"wp:attachment":[{"href":"https:\/\/gruene-nks.de\/index.php\/wp-json\/wp\/v2\/media?parent=2696"}],"curies":[{"name":"wp","href":"https:\/\/api.w.org\/{rel}","templated":true}]}}

Anna Terschlüsen &#8211; Wahlbezirk 080 Pohlhausen

<p>Macht Hier Gefühl mit WIR Gefühl</p>
<p>Gemeinsam mit euch möchte ich die Zukunft unserer Gemeinde aktiv gestalten.</p>
<p>Seit sieben Jahren lebe ich mit meiner Familie in einem Mehrgenerationenhaus in Wahn. In meiner Arbeit im Gemeinderat als sachkundige Bürgerin in den Ausschüssen für Ortsentwicklung und Soziales bringe ich mein Fachwissen als Referentin für Gesunde Ernährung und ländliche Entwicklung in der Bundesanstalt für Landwirtschaft und Ernährung sowie meine praktischen Erfahrungen als Radpendlerin nach Bonn sowie aus Schulen, Kindergärten und Vereinen (u.a. VVP) der Gemeinde ein.</p>
<p>Doch vor allem interessieren mich eure Wünsche, Anliegen und Ideen! Ich möchte eure direkte Ansprechpartnerin vor Ort sein und eure Stimmen in der Gemeinde vertreten.</p>
<p>Meine Kernpunkte für unsere Gemeinde und Dörfer:</p>
<ul>
<li>Lebendige, lebenswerte Dorf- und Gemeindestrukturen fördern – für mehr soziales Miteinander, eine starke Gemeinschaft und Zusammenhalt.</li>
<li>Grünflächen erhalten und Versiegelung vermeiden – für den Klimaschutz, Artenvielfalt und Naherholung vor Ort.</li>
<li>Nachhaltige Mobilität ausbauen – damit alle zuverlässig, sicher und umweltbewusst ihr Ziel erreichen.</li>
<li>Vielfältiges Zusammenleben und Integration von Geflüchteten – durch Stärkung des ehrenamtlichen Engagements und dezentrale Unterbringung in kleinen Wohneinheiten in der ganzen Gemeinde.</li>
</ul>
<p>Lasst uns gemeinsam für eine starke, grüne Zukunft eintreten – für uns, unsere Kinder und kommende Generationen!</p>
<p><a href="https://gruene-nks.de/wp-content/uploads/2025/07/HP_Anna_ohne_Claim.jpg"><img loading="lazy" decoding="async" class="size-medium wp-image-2662 aligncenter" src="https://gruene-nks.de/wp-content/uploads/2025/07/HP_Anna_ohne_Claim-400x502.jpg" alt="Anna Terschlüsen für Wahlbezirk 080 Pohlhausen" width="400" height="502" srcset="https://gruene-nks.de/wp-content/uploads/2025/07/HP_Anna_ohne_Claim-400x502.jpg 400w, https://gruene-nks.de/wp-content/uploads/2025/07/HP_Anna_ohne_Claim-800x1003.jpg 800w, https://gruene-nks.de/wp-content/uploads/2025/07/HP_Anna_ohne_Claim-768x963.jpg 768w, https://gruene-nks.de/wp-content/uploads/2025/07/HP_Anna_ohne_Claim.jpg 957w" sizes="auto, (max-width: 400px) 100vw, 400px" /></a></p>

<p>Macht Hier Gefühl mit WIR Gefühl Gemeinsam mit euch möchte ich die Zukunft unserer Gemeinde aktiv gestalten. Seit sieben Jahren lebe ich mit meiner Familie in einem Mehrgenerationenhaus in Wahn. [&hellip;]</p>
