{"id":2700,"date":"2025-07-16T13:27:51","date_gmt":"2025-07-16T11:27:51","guid":{"rendered":"https:\/\/gruene-nks.de\/?page_id=2700"},"modified":"2025-07-16T13:30:52","modified_gmt":"2025-07-16T11:30:52","slug":"andrea-piro-wahlbezirk-130-eischeid","status":"publish","type":"page","link":"https:\/\/gruene-nks.de\/index.php\/andrea-piro-wahlbezirk-130-eischeid\/","title":{"rendered":"Andrea Piro &#8211; Wahlbezirk 130 Eischeid"},"content":{"rendered":"<p style=\"text-align: center;\">AKTIV F\u00dcR MENSCHEN, TIERE UND UNSERE UMWELT<\/p>\n<p style=\"text-align: center;\">NACHHALTIG UND MENSCHLICH.<\/p>\n<p>Ich bin 1962 in Idar-Oberstein geboren, h\u00f6rbehindert, war alleinerziehend \u2013 und wei\u00df, wie es ist, \u00fcbersehen zu werden. Heute bin ich Bilanzbuchhalterin und seit \u00fcber 15 Jahren im Gemeinderat aktiv.<\/p>\n<p>Ich k\u00e4mpfe f\u00fcr soziale Gerechtigkeit, Mitbestimmung und den Schutz unserer Lebensgrundlagen: f\u00fcr Kinder ohne Lobby, Menschen mit Behinderung, \u00e4ltere Menschen \u2013 und f\u00fcr Tiere, W\u00e4lder, B\u00f6den, Wasser und Klima.<\/p>\n<p>Ich will, dass Neunkirchen-Seelscheid ein Ort bleibt, in dem sich alle Menschen wohlf\u00fchlen und gut leben k\u00f6nnen.<\/p>\n<p style=\"text-align: center;\">Andrea Piro macht Neunkirchen-Seelscheid nachhaltig und menschlich.<\/p>\n<p style=\"text-align: center;\"><a href=\"https:\/\/gruene-nks.de\/wp-content\/uploads\/2025\/07\/HP_Andrea_ohne_Claim.jpg\"><img loading=\"lazy\" decoding=\"async\" class=\"alignnone size-medium wp-image-2661\" src=\"https:\/\/gruene-nks.de\/wp-content\/uploads\/2025\/07\/HP_Andrea_ohne_Claim-400x502.jpg\" alt=\"Andrea Piro f\u00fcr Wahlbezirk 130 - Eischeid\" width=\"400\" height=\"502\" srcset=\"https:\/\/gruene-nks.de\/wp-content\/uploads\/2025\/07\/HP_Andrea_ohne_Claim-400x502.jpg 400w, https:\/\/gruene-nks.de\/wp-content\/uploads\/2025\/07\/HP_Andrea_ohne_Claim-800x1003.jpg 800w, https:\/\/gruene-nks.de\/wp-content\/uploads\/2025\/07\/HP_Andrea_ohne_Claim-768x963.jpg 768w, https:\/\/gruene-nks.de\/wp-content\/uploads\/2025\/07\/HP_Andrea_ohne_Claim.jpg 957w\" sizes=\"auto, (max-width: 400px) 100vw, 400px\" \/><\/a><\/p>\n","protected":false},"excerpt":{"rendered":"<p>AKTIV F\u00dcR MENSCHEN, TIERE UND UNSERE UMWELT NACHHALTIG UND MENSCHLICH. Ich bin 1962 in Idar-Oberstein geboren, h\u00f6rbehindert, war alleinerziehend \u2013 und wei\u00df, wie es ist, \u00fcbersehen zu werden. Heute bin [&hellip;]<\/p>\n","protected":false},"author":3,"featured_media":0,"parent":0,"menu_order":0,"comment_status":"closed","ping_status":"closed","template":"","meta":{"footnotes":""},"class_list":["post-2700","page","type-page","status-publish","hentry"],"_links":{"self":[{"href":"https:\/\/gruene-nks.de\/index.php\/wp-json\/wp\/v2\/pages\/2700","targetHints":{"allow":["GET"]}}],"collection":[{"href":"https:\/\/gruene-nks.de\/index.php\/wp-json\/wp\/v2\/pages"}],"about":[{"href":"https:\/\/gruene-nks.de\/index.php\/wp-json\/wp\/v2\/types\/page"}],"author":[{"embeddable":true,"href":"https:\/\/gruene-nks.de\/index.php\/wp-json\/wp\/v2\/users\/3"}],"replies":[{"embeddable":true,"href":"https:\/\/gruene-nks.de\/index.php\/wp-json\/wp\/v2\/comments?post=2700"}],"version-history":[{"count":2,"href":"https:\/\/gruene-nks.de\/index.php\/wp-json\/wp\/v2\/pages\/2700\/revisions"}],"predecessor-version":[{"id":2708,"href":"https:\/\/gruene-nks.de\/index.php\/wp-json\/wp\/v2\/pages\/2700\/revisions\/2708"}],"wp:attachment":[{"href":"https:\/\/gruene-nks.de\/index.php\/wp-json\/wp\/v2\/media?parent=2700"}],"curies":[{"name":"wp","href":"https:\/\/api.w.org\/{rel}","templated":true}]}}

<p style="text-align: center;">AKTIV FÜR MENSCHEN, TIERE UND UNSERE UMWELT</p>
<p style="text-align: center;">NACHHALTIG UND MENSCHLICH.</p>
<p>Ich bin 1962 in Idar-Oberstein geboren, hörbehindert, war alleinerziehend – und weiß, wie es ist, übersehen zu werden. Heute bin ich Bilanzbuchhalterin und seit über 15 Jahren im Gemeinderat aktiv.</p>
<p>Ich kämpfe für soziale Gerechtigkeit, Mitbestimmung und den Schutz unserer Lebensgrundlagen: für Kinder ohne Lobby, Menschen mit Behinderung, ältere Menschen – und für Tiere, Wälder, Böden, Wasser und Klima.</p>
<p>Ich will, dass Neunkirchen-Seelscheid ein Ort bleibt, in dem sich alle Menschen wohlfühlen und gut leben können.</p>
<p style="text-align: center;">Andrea Piro macht Neunkirchen-Seelscheid nachhaltig und menschlich.</p>
<p style="text-align: center;"><a href="https://gruene-nks.de/wp-content/uploads/2025/07/HP_Andrea_ohne_Claim.jpg"><img loading="lazy" decoding="async" class="alignnone size-medium wp-image-2661" src="https://gruene-nks.de/wp-content/uploads/2025/07/HP_Andrea_ohne_Claim-400x502.jpg" alt="Andrea Piro für Wahlbezirk 130 - Eischeid" width="400" height="502" srcset="https://gruene-nks.de/wp-content/uploads/2025/07/HP_Andrea_ohne_Claim-400x502.jpg 400w, https://gruene-nks.de/wp-content/uploads/2025/07/HP_Andrea_ohne_Claim-800x1003.jpg 800w, https://gruene-nks.de/wp-content/uploads/2025/07/HP_Andrea_ohne_Claim-768x963.jpg 768w, https://gruene-nks.de/wp-content/uploads/2025/07/HP_Andrea_ohne_Claim.jpg 957w" sizes="auto, (max-width: 400px) 100vw, 400px" /></a></p>

<p>AKTIV FÜR MENSCHEN, TIERE UND UNSERE UMWELT NACHHALTIG UND MENSCHLICH. Ich bin 1962 in Idar-Oberstein geboren, hörbehindert, war alleinerziehend – und weiß, wie es ist, übersehen zu werden. Heute bin [&hellip;]</p>
