{"id":2704,"date":"2025-07-16T13:29:21","date_gmt":"2025-07-16T11:29:21","guid":{"rendered":"https:\/\/gruene-nks.de\/?page_id=2704"},"modified":"2025-07-16T13:29:21","modified_gmt":"2025-07-16T11:29:21","slug":"christoph-weiler-wahlbezirk-150-wolperath-i","status":"publish","type":"page","link":"https:\/\/gruene-nks.de\/index.php\/christoph-weiler-wahlbezirk-150-wolperath-i\/","title":{"rendered":"Christoph Weiler &#8211; Wahlbezirk 150 Wolperath I"},"content":{"rendered":"<p>Seit f\u00fcnf Jahren engagiere ich mich f\u00fcr Dich im Rat. Da ich selbst aus einer B\u00fcrgerinitiative komme, ist es mir wichtig, dass B\u00fcrgerinnen und B\u00fcrger geh\u00f6rt werden. Ich habe mich in der letzten Wahlperiode immer besonders f\u00fcr einen Dialog auf Augenh\u00f6he eingesetzt.<\/p>\n<p>Es gibt zahlreiche politische Entscheidungen in unserer Gemeinde, die von den B\u00fcrgerinnen und B\u00fcrgern nicht rechtzeitig wahrgenommen werden. Aus der Sicht vieler B\u00fcrgerinnen und B\u00fcrger entstehen pl\u00f6tzlich neue Wohngebiete, Sporthallen und \u00f6ffentliche Geb\u00e4ude. Ich m\u00f6chte ansprechbar sein und die geplanten Projekte aus Sicht der GR\u00dcNEN erkl\u00e4ren. Oft sind die GR\u00dcNEN die einzigen im Rat, die Zweifel an der \u00f6kologischen Nachhaltigkeit und an der soliden Finanzierung der Projekte haben. Und das zu Recht. Alle Projekte der Vergangenheit wurden teurer als geplant und haben sich als \u00f6kologisch fragw\u00fcrdig erwiesen.<\/p>\n<p>Gegen den Widerstand der SPD haben wir uns f\u00fcr die Einrichtung eines Ausschusses f\u00fcr Ortsentwicklung eingesetzt, dessen Vorsitz ich \u00fcbernehmen durfte. Dieser Ausschuss hat sich als zentrales R\u00e4dchen erwiesen, um Fragen der Entwicklung unserer Gemeinde zu steuern. Hier m\u00f6chte ich mich f\u00fcr Dich weiter engagieren.<\/p>\n<p>Leider hat sich in den vergangenen Jahren unsere Gesellschaft ver\u00e4ndert. Auch in Neunkirchen-Seelscheid ist der Einzug einer bundesweit gesichert rechtsextremen Partei in den Rat zu erwarten. Wir m\u00fcssen uns dem Hass und der Spaltung, die von den Rechten ausgehen, entgegenstellen. Dabei helfen keine Gardinenpredigten. Mache auch Du etwas und kl\u00e4re im Gespr\u00e4ch mit Nachbarn und Bekannten auf: Wer Blau w\u00e4hlt, w\u00e4hlt eine extremistische Partei, die zum Ziel hat, unser Land mit seinen Freiheiten, Gleichberechtigung und M\u00f6glichkeiten f\u00fcr alle zu zerst\u00f6ren.<\/p>\n<p>Lass uns gemeinsam Demokratie leben und Neunkirchen-Seelscheid nachhaltig f\u00fcr die Zukunft bewahren.<\/p>\n<p style=\"text-align: center;\"><a href=\"https:\/\/gruene-nks.de\/wp-content\/uploads\/2025\/07\/HP_Christoph_ohne_Claim.jpg\"><img loading=\"lazy\" decoding=\"async\" class=\"alignnone size-medium wp-image-2665\" src=\"https:\/\/gruene-nks.de\/wp-content\/uploads\/2025\/07\/HP_Christoph_ohne_Claim-400x502.jpg\" alt=\"Christoph Weiler f\u00fcr Wahlbezirk 150 Wolperath I\" width=\"400\" height=\"502\" srcset=\"https:\/\/gruene-nks.de\/wp-content\/uploads\/2025\/07\/HP_Christoph_ohne_Claim-400x502.jpg 400w, https:\/\/gruene-nks.de\/wp-content\/uploads\/2025\/07\/HP_Christoph_ohne_Claim-800x1003.jpg 800w, https:\/\/gruene-nks.de\/wp-content\/uploads\/2025\/07\/HP_Christoph_ohne_Claim-768x963.jpg 768w, https:\/\/gruene-nks.de\/wp-content\/uploads\/2025\/07\/HP_Christoph_ohne_Claim.jpg 957w\" sizes=\"auto, (max-width: 400px) 100vw, 400px\" \/><\/a><\/p>\n","protected":false},"excerpt":{"rendered":"<p>Seit f\u00fcnf Jahren engagiere ich mich f\u00fcr Dich im Rat. Da ich selbst aus einer B\u00fcrgerinitiative komme, ist es mir wichtig, dass B\u00fcrgerinnen und B\u00fcrger geh\u00f6rt werden. Ich habe mich [&hellip;]<\/p>\n","protected":false},"author":3,"featured_media":0,"parent":0,"menu_order":0,"comment_status":"closed","ping_status":"closed","template":"","meta":{"footnotes":""},"class_list":["post-2704","page","type-page","status-publish","hentry"],"_links":{"self":[{"href":"https:\/\/gruene-nks.de\/index.php\/wp-json\/wp\/v2\/pages\/2704","targetHints":{"allow":["GET"]}}],"collection":[{"href":"https:\/\/gruene-nks.de\/index.php\/wp-json\/wp\/v2\/pages"}],"about":[{"href":"https:\/\/gruene-nks.de\/index.php\/wp-json\/wp\/v2\/types\/page"}],"author":[{"embeddable":true,"href":"https:\/\/gruene-nks.de\/index.php\/wp-json\/wp\/v2\/users\/3"}],"replies":[{"embeddable":true,"href":"https:\/\/gruene-nks.de\/index.php\/wp-json\/wp\/v2\/comments?post=2704"}],"version-history":[{"count":1,"href":"https:\/\/gruene-nks.de\/index.php\/wp-json\/wp\/v2\/pages\/2704\/revisions"}],"predecessor-version":[{"id":2705,"href":"https:\/\/gruene-nks.de\/index.php\/wp-json\/wp\/v2\/pages\/2704\/revisions\/2705"}],"wp:attachment":[{"href":"https:\/\/gruene-nks.de\/index.php\/wp-json\/wp\/v2\/media?parent=2704"}],"curies":[{"name":"wp","href":"https:\/\/api.w.org\/{rel}","templated":true}]}}

<p>Seit fünf Jahren engagiere ich mich für Dich im Rat. Da ich selbst aus einer Bürgerinitiative komme, ist es mir wichtig, dass Bürgerinnen und Bürger gehört werden. Ich habe mich in der letzten Wahlperiode immer besonders für einen Dialog auf Augenhöhe eingesetzt.</p>
<p>Es gibt zahlreiche politische Entscheidungen in unserer Gemeinde, die von den Bürgerinnen und Bürgern nicht rechtzeitig wahrgenommen werden. Aus der Sicht vieler Bürgerinnen und Bürger entstehen plötzlich neue Wohngebiete, Sporthallen und öffentliche Gebäude. Ich möchte ansprechbar sein und die geplanten Projekte aus Sicht der GRÜNEN erklären. Oft sind die GRÜNEN die einzigen im Rat, die Zweifel an der ökologischen Nachhaltigkeit und an der soliden Finanzierung der Projekte haben. Und das zu Recht. Alle Projekte der Vergangenheit wurden teurer als geplant und haben sich als ökologisch fragwürdig erwiesen.</p>
<p>Gegen den Widerstand der SPD haben wir uns für die Einrichtung eines Ausschusses für Ortsentwicklung eingesetzt, dessen Vorsitz ich übernehmen durfte. Dieser Ausschuss hat sich als zentrales Rädchen erwiesen, um Fragen der Entwicklung unserer Gemeinde zu steuern. Hier möchte ich mich für Dich weiter engagieren.</p>
<p>Leider hat sich in den vergangenen Jahren unsere Gesellschaft verändert. Auch in Neunkirchen-Seelscheid ist der Einzug einer bundesweit gesichert rechtsextremen Partei in den Rat zu erwarten. Wir müssen uns dem Hass und der Spaltung, die von den Rechten ausgehen, entgegenstellen. Dabei helfen keine Gardinenpredigten. Mache auch Du etwas und kläre im Gespräch mit Nachbarn und Bekannten auf: Wer Blau wählt, wählt eine extremistische Partei, die zum Ziel hat, unser Land mit seinen Freiheiten, Gleichberechtigung und Möglichkeiten für alle zu zerstören.</p>
<p>Lass uns gemeinsam Demokratie leben und Neunkirchen-Seelscheid nachhaltig für die Zukunft bewahren.</p>
<p style="text-align: center;"><a href="https://gruene-nks.de/wp-content/uploads/2025/07/HP_Christoph_ohne_Claim.jpg"><img loading="lazy" decoding="async" class="alignnone size-medium wp-image-2665" src="https://gruene-nks.de/wp-content/uploads/2025/07/HP_Christoph_ohne_Claim-400x502.jpg" alt="Christoph Weiler für Wahlbezirk 150 Wolperath I" width="400" height="502" srcset="https://gruene-nks.de/wp-content/uploads/2025/07/HP_Christoph_ohne_Claim-400x502.jpg 400w, https://gruene-nks.de/wp-content/uploads/2025/07/HP_Christoph_ohne_Claim-800x1003.jpg 800w, https://gruene-nks.de/wp-content/uploads/2025/07/HP_Christoph_ohne_Claim-768x963.jpg 768w, https://gruene-nks.de/wp-content/uploads/2025/07/HP_Christoph_ohne_Claim.jpg 957w" sizes="auto, (max-width: 400px) 100vw, 400px" /></a></p>

<p>Seit fünf Jahren engagiere ich mich für Dich im Rat. Da ich selbst aus einer Bürgerinitiative komme, ist es mir wichtig, dass Bürgerinnen und Bürger gehört werden. Ich habe mich [&hellip;]</p>
