{"id":2706,"date":"2025-07-16T13:29:54","date_gmt":"2025-07-16T11:29:54","guid":{"rendered":"https:\/\/gruene-nks.de\/?page_id=2706"},"modified":"2025-07-23T00:45:58","modified_gmt":"2025-07-22T22:45:58","slug":"stefan-gerlach-wahlbezirk-160-wolperath-ii","status":"publish","type":"page","link":"https:\/\/gruene-nks.de\/index.php\/stefan-gerlach-wahlbezirk-160-wolperath-ii\/","title":{"rendered":"Stefan Gerlach &#8211; Wahlbezirk 160 Wolperath II"},"content":{"rendered":"<p>Macht Einwohnerfreundliche Politik<\/p>\n<p>Eine einwohnerfreundliche Politik ist f\u00fcr mich die oberste Priorit\u00e4t! Das hei\u00dft f\u00fcr mich, die Sorgen und W\u00fcnsche der B\u00fcrger unserer Gemeinde zu verstehen und L\u00f6sungen politisch voranzutreiben. Hierzu z\u00e4hlen z.B. ein breitgef\u00e4chertes Angebot f\u00fcr Kinder und Jugendliche, bezahlbare Grundsteuern, attraktive Lebensbedingungen f\u00fcr \u00e4ltere Mitb\u00fcrger, \u2026 um nur einige von vielen Schwerpunkten zu benennen. Nachhaltiger Umgang mit unserer Natur sind f\u00fcr die langfristige Zukunft von Neunkirchen-Seelscheid wichtig und sichern den Erhalt des l\u00e4ndlichen Dorfcharakters. Hierzu m\u00fcssen wir Rahmenbedingungen schaffen, die inner\u00f6rtliche moderne Wohnl\u00f6sungen f\u00fcr \u00e4ltere Mitb\u00fcrger erm\u00f6glichen sowie, die Attraktivit\u00e4t von bezahlbaren Bestandsimmobilien f\u00fcr insbesondere junge Familien f\u00f6rdern.<\/p>\n<p style=\"text-align: center;\"><a href=\"https:\/\/gruene-nks.de\/wp-content\/uploads\/2025\/07\/HP_Stefan_ohne_Claim.jpg\"><img loading=\"lazy\" decoding=\"async\" class=\"alignnone size-medium wp-image-2667\" src=\"https:\/\/gruene-nks.de\/wp-content\/uploads\/2025\/07\/HP_Stefan_ohne_Claim-400x502.jpg\" alt=\"Stefan Gerlach f\u00fcr Wahlbezirk 160 Wolperath II\" width=\"400\" height=\"502\" srcset=\"https:\/\/gruene-nks.de\/wp-content\/uploads\/2025\/07\/HP_Stefan_ohne_Claim-400x502.jpg 400w, https:\/\/gruene-nks.de\/wp-content\/uploads\/2025\/07\/HP_Stefan_ohne_Claim-800x1003.jpg 800w, https:\/\/gruene-nks.de\/wp-content\/uploads\/2025\/07\/HP_Stefan_ohne_Claim-768x963.jpg 768w, https:\/\/gruene-nks.de\/wp-content\/uploads\/2025\/07\/HP_Stefan_ohne_Claim.jpg 957w\" sizes=\"auto, (max-width: 400px) 100vw, 400px\" \/><\/a><\/p>\n","protected":false},"excerpt":{"rendered":"<p>Macht Einwohnerfreundliche Politik Eine einwohnerfreundliche Politik ist f\u00fcr mich die oberste Priorit\u00e4t! Das hei\u00dft f\u00fcr mich, die Sorgen und W\u00fcnsche der B\u00fcrger unserer Gemeinde zu verstehen und L\u00f6sungen politisch voranzutreiben. [&hellip;]<\/p>\n","protected":false},"author":3,"featured_media":0,"parent":0,"menu_order":0,"comment_status":"closed","ping_status":"closed","template":"","meta":{"footnotes":""},"class_list":["post-2706","page","type-page","status-publish","hentry"],"_links":{"self":[{"href":"https:\/\/gruene-nks.de\/index.php\/wp-json\/wp\/v2\/pages\/2706","targetHints":{"allow":["GET"]}}],"collection":[{"href":"https:\/\/gruene-nks.de\/index.php\/wp-json\/wp\/v2\/pages"}],"about":[{"href":"https:\/\/gruene-nks.de\/index.php\/wp-json\/wp\/v2\/types\/page"}],"author":[{"embeddable":true,"href":"https:\/\/gruene-nks.de\/index.php\/wp-json\/wp\/v2\/users\/3"}],"replies":[{"embeddable":true,"href":"https:\/\/gruene-nks.de\/index.php\/wp-json\/wp\/v2\/comments?post=2706"}],"version-history":[{"count":2,"href":"https:\/\/gruene-nks.de\/index.php\/wp-json\/wp\/v2\/pages\/2706\/revisions"}],"predecessor-version":[{"id":2727,"href":"https:\/\/gruene-nks.de\/index.php\/wp-json\/wp\/v2\/pages\/2706\/revisions\/2727"}],"wp:attachment":[{"href":"https:\/\/gruene-nks.de\/index.php\/wp-json\/wp\/v2\/media?parent=2706"}],"curies":[{"name":"wp","href":"https:\/\/api.w.org\/{rel}","templated":true}]}}